 prime factors of 48493?
71, 683
What are the prime factors of 1343?
17, 79
What are the prime factors of 17054?
2, 8527
What are the prime factors of 4021?
4021
List the prime factors of 1964.
2, 491
List the prime factors of 1691.
19, 89
What are the prime factors of 19971?
3, 7, 317
List the prime factors of 1397.
11, 127
What are the prime factors of 38660?
2, 5, 1933
List the prime factors of 60.
2, 3, 5
What are the prime factors of 46281?
3, 15427
List the prime factors of 39316.
2, 9829
What are the prime factors of 22078?
2, 7, 19, 83
What are the prime factors of 13058?
2, 6529
What are the prime factors of 984?
2, 3, 41
What are the prime factors of 163321?
163321
What are the prime factors of 556?
2, 139
List the prime factors of 10606.
2, 5303
List the prime factors of 1857.
3, 619
List the prime factors of 26151.
3, 23, 379
List the prime factors of 24429.
3, 17, 479
What are the prime factors of 3153?
3, 1051
What are the prime factors of 2742?
2, 3, 457
List the prime factors of 43054.
2, 11, 19, 103
List the prime factors of 294.
2, 3, 7
What are the prime factors of 5713?
29, 197
What are the prime factors of 22995?
3, 5, 7, 73
List the prime factors of 2308.
2, 577
What are the prime factors of 1033?
1033
List the prime factors of 5.
5
What are the prime factors of 7073?
11, 643
List the prime factors of 217.
7, 31
List the prime factors of 13815.
3, 5, 307
List the prime factors of 1971.
3, 73
What are the prime factors of 880?
2, 5, 11
List the prime factors of 2498.
2, 1249
What are the prime factors of 19259?
19259
What are the prime factors of 15042?
2, 3, 23, 109
What are the prime factors of 19572?
2, 3, 7, 233
What are the prime factors of 33139?
31, 1069
List the prime factors of 17130.
2, 3, 5, 571
List the prime factors of 76579.
76579
What are the prime factors of 5138?
2, 7, 367
What are the prime factors of 5077?
5077
What are the prime factors of 26177?
26177
What are the prime factors of 18872?
2, 7, 337
What are the prime factors of 17084?
2, 4271
List the prime factors of 941.
941
List the prime factors of 52077.
3, 17359
What are the prime factors of 313?
313
List the prime factors of 23340.
2, 3, 5, 389
List the prime factors of 361.
19
What are the prime factors of 392?
2, 7
What are the prime factors of 4780?
2, 5, 239
What are the prime factors of 723?
3, 241
What are the prime factors of 1721?
1721
What are the prime factors of 65639?
7, 9377
List the prime factors of 80337.
3, 61, 439
What are the prime factors of 28137?
3, 83, 113
What are the prime factors of 12767?
17, 751
What are the prime factors of 7470?
2, 3, 5, 83
List the prime factors of 7688.
2, 31
What are the prime factors of 6694?
2, 3347
What are the prime factors of 4707?
3, 523
List the prime factors of 6815.
5, 29, 47
What are the prime factors of 43846?
2, 11, 1993
List the prime factors of 19127.
31, 617
List the prime factors of 161281.
161281
What are the prime factors of 3766?
2, 7, 269
List the prime factors of 56339.
53, 1063
What are the prime factors of 1650?
2, 3, 5, 11
What are the prime factors of 4080?
2, 3, 5, 17
List the prime factors of 2828.
2, 7, 101
List the prime factors of 358.
2, 179
List the prime factors of 5383.
7, 769
List the prime factors of 61527.
3, 20509
What are the prime factors of 29997?
3, 11, 101
What are the prime factors of 10568?
2, 1321
What are the prime factors of 81?
3
What are the prime factors of 129?
3, 43
What are the prime factors of 35615?
5, 17, 419
List the prime factors of 9577.
61, 157
List the prime factors of 988.
2, 13, 19
What are the prime factors of 139103?
113, 1231
List the prime factors of 5145.
3, 5, 7
What are the prime factors of 188980?
2, 5, 11, 859
List the prime factors of 925.
5, 37
List the prime factors of 142.
2, 71
What are the prime factors of 47861?
11, 19, 229
List the prime factors of 1332.
2, 3, 37
List the prime factors of 97125.
3, 5, 7, 37
List the prime factors of 1600.
2, 5
What are the prime factors of 1611?
3, 179
List the prime factors of 44932.
2, 47, 239
List the prime factors of 9622.
2, 17, 283
List the prime factors of 516.
2, 3, 43
What are the prime factors of 574?
2, 7, 41
What are the prime factors of 2005?
5, 401
What are the prime factors of 3510?
2, 3, 5, 13
What are the prime factors of 90478?
2, 19, 2381
List the prime factors of 4509.
3, 167
What are the prime factors of 18197?
31, 587
What are the prime factors of 1442?
2, 7, 103
What are the prime factors of 1487?
1487
List the prime factors of 3899.
7, 557
What are the prime factors of 363?
3, 11
What are the prime factors of 19440?
2, 3, 5
What are the prime factors of 939?
3, 313
List the prime factors of 4999.
4999
List the prime factors of 24961.
109, 229
What are the prime factors of 4632?
2, 3, 193
What are the prime factors of 2284?
2, 571
List the prime factors of 253.
11, 23
What are the prime factors of 54?
2, 3
List the prime factors of 5134.
2, 17, 151
List the prime factors of 4249.
7, 607
List the prime factors of 651.
3, 7, 31
What are the prime factors of 17503?
23, 761
List the prime factors of 1264.
2, 79
List the prime factors of 4559.
47, 97
What are the prime factors of 11911?
43, 277
What are the prime factors of 268?
2, 67
List the prime factors of 5493.
3, 1831
List the prime factors of 25529.
7, 521
List the prime factors of 6801.
3, 2267
What are the prime factors of 566?
2, 283
What are the prime factors of 3689?
7, 17, 31
What are the prime factors of 795?
3, 5, 53
List the prime factors of 854.
2, 7, 61
What are the prime factors of 78334?
2, 53, 739
What are the prime factors of 4564?
2, 7, 163
What are the prime factors of 2540?
2, 5, 127
List the prime factors of 70945.
5, 7, 2027
List the prime factors of 47917.
47917
List the prime factors of 4379.
29, 151
List the prime factors of 1695.
3, 5, 113
What are the prime factors of 1196?
2, 13, 23
List the prime factors of 731.
17, 43
List the prime factors of 1224.
2, 3, 17
What are the prime factors of 63939?
3, 21313
List the prime factors of 990.
2, 3, 5, 11
List the prime factors of 45630.
2, 3, 5, 13
List the prime factors of 6982.
2, 3491
List the prime factors of 567.
3, 7
List the prime factors of 1433.
1433
What are the prime factors of 31263?
3, 17, 613
What are the prime factors of 12123?
3, 449
List the prime factors of 22422.
2, 3, 37, 101
What are the prime factors of 3939?
3, 13, 101
List the prime factors of 10085.
5, 2017
List the prime factors of 61278.
2, 3, 7, 1459
What are the prime factors of 616?
2, 7, 11
What are the prime factors of 20240?
2, 5, 11, 23
List the prime factors of 4390.
2, 5, 439
What are the prime factors of 96124?
2, 7, 3433
What are the prime factors of 396?
2, 3, 11
What are the prime factors of 4789?
4789
What are the prime factors of 1814?
2, 907
What are the prime factors of 23740?
2, 5, 1187
What are the prime factors of 8839?
8839
List the prime factors of 2982.
2, 3, 7, 71
List the prime factors of 33463.
109, 307
What are the prime factors of 41062?
2, 7, 419
List the prime factors of 12548.
2, 3137
What are the prime factors of 45333?
3, 23, 73
What are the prime factors of 998?
2, 499
What are the prime factors of 4846?
2, 2423
List the prime factors of 80962.
2, 7, 5783
List the prime factors of 2340.
2, 3, 5, 13
List the prime factors of 19845.
3, 5, 7
What are the prime factors of 915?
3, 5, 61
List the prime factors of 8769.
3, 37, 79
List the prime factors of 23616.
2, 3, 41
List the prime factors of 10023.
3, 13, 257
List the prime factors of 2625.
3, 5, 7
What are the prime factors of 2161?
2161
List the prime factors of 18189.
3, 43, 47
List the prime factors of 1411.
17, 83
What are the prime factors of 203516?
2, 83, 613
List the prime factors of 6079.
6079
What are the prime factors of 5011?
5011
What are the prime factors of 13427?
29, 463
List the prime factors of 1500.
2, 3, 5
What are the prime factors of 10384?
2, 11, 59
What are the prime factors of 307?
307
What are the prime factors of 6761?
6761
List the prime factors of 99729.
3, 7, 1583
What are the prime factors of 2638?
2, 1319
List the prime factors of 20958.
2, 3, 7, 499
What are the prime factors of 39131?
109, 359
What are the prime factors of 3887?
13, 23
What are 